.
0
Let y(w) = -w**2 + 100*w - 1764. Let l be y(23). Let r(d) = d + 5. Let z be r(-4). Let k(f) = 3 - 2*f + z + 4. Calculate k(l).
-6
Let c be ((-202)/4)/(-1) + 1/(-2). Let w = 66 - c. Let s(a) = 16*a + w*a - 30*a. Give s(-3).
-6
Suppose 5*w + 4*c = 50, -7*w - 13 = -10*w + c. Let y(m) = m**3 - 8*m**2 + 11*m - 13. Determine y(w).
-19
Let l(o) = 2*o**2 + 4*o**2 - 7*o - 2 + 6 - 5*o**2. Suppose -55*n + 247 + 83 = 0. What is l(n)?
-2
Let x(w) = -45*w + 5. Let g(p) = 33*p - 4. Let c(q) = -6*g(q) - 5*x(q). Determine c(3).
80
Let m = -24 + 9. Let t be 18/m*(1 + 4). Let v(i) = -2892*i - 2894*i + 9 + 5788*i. Give v(t).
-3
Let y be 14/2 + -12 + 5. Let g(n) = -3 + y*n + n + 6 + 4*n. Calculate g(-3).
-12
Let p = 61 + -68. Let x(s) = -211*s - 5*s**3 + 4*s**3 - 218*s + 0*s**3 + 425*s - 4 - 7*s**2. Determine x(p).
24
Let a = -10 - -10. Let w(v) be the first derivative of -v**6/360 + v**5/120 - v**4/24 - 2*v**3/3 + 15. Let j(t) be the third derivative of w(t). Determine j(a).
-1
Let v(j) = 24*j - j**2 + 20*j - 31 + 13*j - 69*j. Determine v(-8).
1
Let o(i) = -i**2 - 12*i + 105. Let u = -605 - -587. Let t be o(u). Let h(v) = v + 5. Give h(t).
2
Let z(c) = -31 + 80 - 25 - 8*c**2 - 22 - c**3 - c. Let p(g) = -g**3 + 2*g**2 - g + 4. Let m be p(3). Calculate z(m).
10
Let o(b) = 2*b + 9. Suppose -3*d = 2*j + 16, -14 = -5*j + 2*j + 5*d. Let x be (0/j)/(-4) - 0. Suppose x = 3*p - 5*m + 28, p + 2*p = 3*m - 24. Give o(p).
-3
Let k(d) = d + 4*d**2 - 7*d**2 - 6*d**2 + 6*d**2. Let n(u) = -7*u + 82. Let r be n(12). What is k(r)?
-14
Let m(r) = 3*r**2 - 2*r + 3. Suppose o - 7 = -12. Let v be ((-66)/55)/(1/o). Suppose 11*t = 8*t + v. Calculate m(t).
11
Let v(d) = d**2 + 3*d - 18. Let h = -8435 + 8442. Calculate v(h).
52
Suppose -w - 20 = -8*u + 13*u, 2*u + 10 = 0. Suppose 0 = -5*k + w*i - 45, -2*k - 3*i - 5 = 3*k. Let x(y) = y - 3 + 2*y - 2*y. Determine x(k).
-7
Let v(x) = -3*x + 2*x + x + 4 - 4*x. Let i(f) = 5*f**2 - 104*f - 16. Let b be i(21). What is v(b)?
-16
Let y(q) = 6*q**3 - 9211 - 10*q**2 + q**3 - 8*q**3 + 9260 - 4*q. Give y(-9).
4
Let x(a) = -a**3 - 6*a**2 + 9*a - 15. Let z = -20086 - -20079. Give x(z).
-29
Let m(g) = -g**3 + 11*g**2 - 9*g - 8. Let s(b) = b**3 + 2*b**2. Let v be s(1). Suppose -8 = -p - v*p. Suppose -2 = i + 3*a, -10 - 6 = -p*i - a. What is m(i)?
2
Let f(b) be the third derivative of 1/4*b**4 + b**2 - b**3 - 1/12*b**5 + 0 + 36*b + 1/120*b**6. What is f(4)?
2
Let a(w) be the first derivative of w**5/120 + 5*w**4/24 + 26*w**3/3 + 2*w + 46. Let g(o) be the third derivative of a(o). What is g(5)?
10
Suppose -32*a + 43 = 21*a - 275. Let n(j) = 7*j**2 - 37*j - 20. What is n(a)?
10
Let k(t) = -t**3 - t**2 + 3*t - 1. Let q = -23 + 25. Suppose -y - q*g = -1, -y = 2*y + 3*g - 9. Suppose 4*h - 5*v = -h + 5, v = 3*h + y. Determine k(h).
8
Let c(m) = -12*m + 162. Let q = -8094 - -8108. Calculate c(q).
-6
Let d(m) = 4*m - 5*m - 2*m - 3 - m. Let v(t) = -23*t - 17. Suppose -c - 5 = 29. Let b(j) = c*d(j) + 6*v(j). Give b(-4).
8
Let x = -2029 - -2022. Let i(c) be the second derivative of c**6/720 - c**5/60 + 5*c**4/12 - 5*c. Let p(j) be the third derivative of i(j). Calculate p(x).
-9
Let c(l) = -1 + 0 - 6*l - 1 - 1. Let t = 274 + -47. Let m = 225 - t. What is c(m)?
9
Let s(h) be the third derivative of -3/8*h**4 + h**2 + 1/120*h**6 + 7/60*h**5 - 11/6*h**3 + 0*h + 21. Give s(-8).
-3
Let l(f) = -5*f**2 - f + 1. Let j(b) = -b**2 + 47*b - 174. Let r = -185 + 228. Let z be j(r). Determine l(z).
-17
Suppose 2*d - 36 = 2*u, d + 4*u = -4*d + 54. Let g(n) = 2*n - 24. Give g(d).
4
Let d(r) = r**3 + r**2 + r + 2. Let z be d(0). Let b be 6 + 2*(5/10 - z). Let c(h) = 5*h - 4. What is c(b)?
11
Let m(j) = 10024*j - 2 - 8*j**2 + 10013*j + 2*j**2 - 20044*j. Determine m(-4).
-70
Let s(f) = -14*f - 305. Let j be s(-22). Let y(r) = 6*r + 5. Let b(o) = 7*o + 6. Let t be (-16)/3 + 1/3. Let x(d) = t*b(d) + 6*y(d). Determine x(j).
3
Let y(r) = 18*r + 67. Let q(h) = -186*h - 669. Let j(c) = -2*q(c) - 21*y(c). What is j(-24)?
75
Let r(t) = 3*t**3 + 3*t**2. Let u(n) = -78*n + 82*n - 1 + 7. Let f be u(-2). Give r(f).
-12
Let b(w) = w**3 - 2*w. Let d(x) = 9*x + 5*x - 16*x - 72 - 15. Let t(y) = y + 29. Let o(j) = 2*d(j) + 7*t(j). Let r be o(-9). Determine b(r).
4
Suppose -h + 6*h - 35 = 5*w, -3*h - w + 1 = 0. Suppose 3*m - 5*a = 25, -h*m + a + 0 = -12. Let t(p) = 7 + p**3 - 105*p + 7*p**2 - 2*p**3 + 97*p. Determine t(m).
17
Let m(y) = -y**3 + 9*y**2 - 12*y - 4. Let j(n) = n**3 - 8*n**2 + 20*n - 254. Let k be j(9). Determine m(k).
10
Let v be ((1/1)/2)/((63/(-1))/126). Let z(n) = n + 17. Determine z(v).
16
Let j(g) = 2*g - 9. Let h(d) = d - 5. Let l(b) = 11*h(b) - 6*j(b). Let x(f) = 10 + 12 + 9*f + 0*f + 29. Let y be x(-6). Give l(y).
2
Let y(o) = -77*o**3 + o**2 - o - 1. Let u(s) = -s**3 + 86*s**2 - 167*s - 85. Let m be u(84). Determine y(m).
78
Let a(b) be the first derivative of -b**4/12 - 7*b**3/6 + 3*b**2/2 - 55*b - 16. Let j(p) be the first derivative of a(p). Calculate j(-4).
15
Let f(v) be the first derivative of v**5/20 + v**4/6 - 27*v**3 + 105. Let u(m) be the third derivative of f(m). Give u(-5).
-26
Let s(c) = -2*c**2 + c. Let m = 82 - 86. Let w(o) = 9*o**2 - o - 1. Let a(d) = m*s(d) - w(d). What is a(-7)?
-27
Let f(m) be the second derivative of -m**4/6 + 11*m**3/6 - 35*m**2/2 - 778*m - 1. Calculate f(4).
-23
Let t(n) = -3*n**3 + n + 4. Let k(h) = 4*h**3 + 3*h**2 - 3*h - 3. Let o(w) = 2*k(w) + 3*t(w). Let g be 2/(-6) + 96/18. Calculate o(g).
16
Suppose 3*x = 3*h - 2*x, 0 = -h - 5*x. Let u(d) be the second derivative of d**3/6 - 3*d**2/2 + 2257*d - 1. What is u(h)?
-3
Let u(z) = z**2 - 19*z + 56. Let f = -1471 - -1485. Calculate u(f).
-14
Let t(i) = 4*i**2 + 36*i + 21. Let r be -12 - 5*28/(-35). Determine t(r).
-11
Let h(i) be the first derivative of 5*i**2/2 + i + 2. Let m(q) = q**3 + 15*q**2 + 35*q - 6. Let w be m(-12). Let s be (9 + (-310)/30)/((-2)/w). Calculate h(s).
21
Let h(b) = -3*b + 46. Let y(f) = 2. Let u(v) = -h(v) - 6*y(v). What is u(20)?
2
Let n(c) = 27*c - 60. Let a(r) = 53*r - 159. Let h(s) = -3*a(s) + 7*n(s). Determine h(-2).
-3
Suppose 5*m - 10 - 10 = 0. Suppose 4*n - 56 = m*u, 0 = -2*n - 2*u + 11 + 21. Let y(b) = 2*b + 15 - n. Give y(-6).
-12
Let p(j) = -j**2 + 6*j + 8. Let h(w) = 0*w - 2*w - 3*w + 8*w + 54. Let n be h(-16). Calculate p(n).
8
Suppose -8*b + 52 = -4*b. Let z(g) = 0*g - 21 - g + 23 + 0 + 16. Determine z(b).
5
Suppose 4*j = 4*p - 20, -5*p + j + 970 - 937 = 0. Let n(x) = 10*x - 7. What is n(p)?
63
Let j = 1684 - 1674. Let k(h) = -h**3 + 10*h**2 + 3*h - 1. Give k(j).
29
Let c(n) = -6*n**3 - n**2 + 5*n - 10. Let y(o) = 19*o**3 + 5*o**2 - 19*o + 31. Let f(w) = -16*c(w) - 5*y(w). Calculate f(7).
12
Let t(n) = 3*n + 33. Suppose 0 = -2*j - 3*x - 26, j - 2 = 3*j - 3*x. Determine t(j).
12
Let s = 5 + -1. Let t(k) be the third derivative of 7*k**2 - 1/2*k**3 + 1/24*k**4 + 2*k + 0. What is t(s)?
1
Let u(l) = -l**2 - l + 12. Let b(v) = 3*v**2 + 16*v + 5. Let n(z) = z**2 + 7*z + 5. Suppose 15 = -27*x + 24*x. Let g be n(x). Let y be b(g). Calculate u(y).
12
Let w(b) be the second derivative of b**7/2520 - b**6/120 + b**5/24 - 17*b**4/4 + 179*b. Let t(p) be the third derivative of w(p). Give t(8).
21
Let q = 16 - 10. Suppose 3*p - 18 = -6*p. Let h(b) = 14 - p*b + 7 - 24. What is h(q)?
-15
Let b(p) = -p**3 + 9*p**2 - 10*p + 12. Suppose 3*k + 5*r = 2*k + 21, 25 = -5*k + r. Let c be 13 - 5*(-3 - k). Calculate b(c).
-4
Let p(i) be the first derivative of -i**3/6 - 6*i**2 + 31*i + 21. Let n(m) be the first derivative of p(m). Calculate n(0).
-12
Suppose 0 = 14*m + 178 - 136. Let u(p) = p**3 + 4*p**2 + 6*p + 6. Determine u(m).
-3
Suppose 3*u = 5*c + 3 + 5, -u = -c - 4. Let m(g) = 11*g + 36. Let b be m(-3). Let w(d) = 4*d - 2*d - b*d - 2. Determine w(u).
-8
Suppose -2*a = -2*m - 28, -17*a + 34 = -15*a - 3*m. Let y(d) = d**2 - 13*d + 1. What is y(a)?
-39
Let y(j) = 6*j. Let b be y(-1). Let k(f) = 50*f + 27*f + 2 - 74*f. Give k(b).
-16
Let u(f) = f**3 - f**2 - 1. Let o(k) = 6*k**3 - 4*k**2 - k - 11. Let g(j) = -o(j) + 5*u(j). Let a be (0 + 1)*(1 - 1). Suppose m + 7*m = a. Determine g(m).
6
Let o be -144 - 1 - (-20 - -13). Let l = -141 - o. Let z(w) = w**2 + 3*w - 3. Determine z(l).
-3
Let c be 4/(-5)*(-1 + -49). Let u = -4 + c. Let h = -33 + u. Let w(x) = x**3 - 4*x**2 - x 